{"id":1751,"date":"2025-05-20T06:00:00","date_gmt":"2025-05-20T12:00:00","guid":{"rendered":"https:\/\/mejorsegurodeauto.mx\/blog\/?page_id=1751"},"modified":"2025-05-29T16:42:24","modified_gmt":"2025-05-29T22:42:24","slug":"seguros-de-autos-en-guerrero","status":"publish","type":"page","link":"https:\/\/mejorsegurodeauto.mx\/blog\/seguros-de-autos-en-guerrero\/","title":{"rendered":"Protege tu auto con los mejores seguros en Guerrero"},"content":{"rendered":"\n<h2><span class=\"ez-toc-section\" id=\"%C2%A1Contrata_el_mejor_seguro_de_auto_en_Guerrero_con_la_cobertura_que_necesitas\"><\/span>\u00a1Contrata el mejor seguro de auto en Guerrero con la cobertura que necesitas!<span class=\"ez-toc-section-end\"><\/span><\/h2><div id=\"ez-toc-container\" class=\"ez-toc-v2_0_68_1 counter-hierarchy ez-toc-counter ez-toc-white ez-toc-container-direction\">\n<div class=\"ez-toc-title\">Este art&iacute;culo contiene:<\/div>\n<label for=\"ez-toc-cssicon-toggle-item-69ed58675b8e1\" class=\"ez-toc-cssicon-toggle-label\"><span class=\"ez-toc-cssicon\"><span class=\"eztoc-hide\" style=\"display:none;\">Toggle<\/span><span class=\"ez-toc-icon-toggle-span\"><svg style=\"fill: #565656;color:#565656\" xmlns=\"http:\/\/www.w3.org\/2000\/svg\" class=\"list-377408\" width=\"20px\" height=\"20px\" viewBox=\"0 0 24 24\" fill=\"none\"><path d=\"M6 6H4v2h2V6zm14 0H8v2h12V6zM4 11h2v2H4v-2zm16 0H8v2h12v-2zM4 16h2v2H4v-2zm16 0H8v2h12v-2z\" fill=\"currentColor\"><\/path><\/svg><svg style=\"fill: #565656;color:#565656\" class=\"arrow-unsorted-368013\" xmlns=\"http:\/\/www.w3.org\/2000\/svg\" width=\"10px\" height=\"10px\" viewBox=\"0 0 24 24\" version=\"1.2\" baseProfile=\"tiny\"><path d=\"M18.2 9.3l-6.2-6.3-6.2 6.3c-.2.2-.3.4-.3.7s.1.5.3.7c.2.2.4.3.7.3h11c.3 0 .5-.1.7-.3.2-.2.3-.5.3-.7s-.1-.5-.3-.7zM5.8 14.7l6.2 6.3 6.2-6.3c.2-.2.3-.5.3-.7s-.1-.5-.3-.7c-.2-.2-.4-.3-.7-.3h-11c-.3 0-.5.1-.7.3-.2.2-.3.5-.3.7s.1.5.3.7z\"\/><\/svg><\/span><\/span><\/label><input type=\"checkbox\"  id=\"ez-toc-cssicon-toggle-item-69ed58675b8e1\"  aria-label=\"Toggle\" \/><nav><ul class='ez-toc-list ez-toc-list-level-1 ' ><li class='ez-toc-page-1 ez-toc-heading-level-2'><a class=\"ez-toc-link ez-toc-heading-1\" href=\"https:\/\/mejorsegurodeauto.mx\/blog\/seguros-de-autos-en-guerrero\/#%C2%A1Contrata_el_mejor_seguro_de_auto_en_Guerrero_con_la_cobertura_que_necesitas\" title=\"\u00a1Contrata el mejor seguro de auto en Guerrero con la cobertura que necesitas!\">\u00a1Contrata el mejor seguro de auto en Guerrero con la cobertura que necesitas!<\/a><\/li><li class='ez-toc-page-1 ez-toc-heading-level-2'><a class=\"ez-toc-link ez-toc-heading-2\" href=\"https:\/\/mejorsegurodeauto.mx\/blog\/seguros-de-autos-en-guerrero\/#%C2%BFQue_tipos_de_coberturas_se_ofrecen_para_seguros_de_autos_en_Guerrero\" title=\"\u00bfQu\u00e9 tipos de coberturas se ofrecen para seguros de autos en Guerrero\">\u00bfQu\u00e9 tipos de coberturas se ofrecen para seguros de autos en Guerrero<\/a><\/li><li class='ez-toc-page-1 ez-toc-heading-level-2'><a class=\"ez-toc-link ez-toc-heading-3\" href=\"https:\/\/mejorsegurodeauto.mx\/blog\/seguros-de-autos-en-guerrero\/#%C2%BFCuales_son_las_consecuencias_de_no_tener_Seguros_de_Autos_en_Guerrero\" title=\"\u00bfCu\u00e1les son las consecuencias de no tener Seguros de Autos en Guerrero?\">\u00bfCu\u00e1les son las consecuencias de no tener Seguros de Autos en Guerrero?<\/a><\/li><li class='ez-toc-page-1 ez-toc-heading-level-2'><a class=\"ez-toc-link ez-toc-heading-4\" href=\"https:\/\/mejorsegurodeauto.mx\/blog\/seguros-de-autos-en-guerrero\/#%C2%BFQue_aseguradoras_operan_en_Guerrero\" title=\"\u00bfQu\u00e9 aseguradoras operan en Guerrero?\">\u00bfQu\u00e9 aseguradoras operan en Guerrero?<\/a><\/li><li class='ez-toc-page-1 ez-toc-heading-level-2'><a class=\"ez-toc-link ez-toc-heading-5\" href=\"https:\/\/mejorsegurodeauto.mx\/blog\/seguros-de-autos-en-guerrero\/#%C2%BFCuales_son_los_beneficios_que_puedes_contratar_con_la_cobertura_de_los_seguros_de_autos_en_Guerrero\" title=\"\u00bfCu\u00e1les son los beneficios que puedes contratar con la cobertura de los seguros de autos en Guerrero?\">\u00bfCu\u00e1les son los beneficios que puedes contratar con la cobertura de los seguros de autos en Guerrero?<\/a><\/li><li class='ez-toc-page-1 ez-toc-heading-level-2'><a class=\"ez-toc-link ez-toc-heading-6\" href=\"https:\/\/mejorsegurodeauto.mx\/blog\/seguros-de-autos-en-guerrero\/#%C2%BFEs_obligatorio_la_contratacion_del_seguro\" title=\"\u00bfEs obligatorio la contrataci\u00f3n del seguro?\">\u00bfEs obligatorio la contrataci\u00f3n del seguro?<\/a><\/li><li class='ez-toc-page-1 ez-toc-heading-level-2'><a class=\"ez-toc-link ez-toc-heading-7\" href=\"https:\/\/mejorsegurodeauto.mx\/blog\/seguros-de-autos-en-guerrero\/#%C2%A1Cotiza_y_contrata_el_mejor_seguro_de_auto_en_Guerrero\" title=\"\u00a1Cotiza y contrata el mejor seguro de auto en Guerrero!\">\u00a1Cotiza y contrata el mejor seguro de auto en Guerrero!<\/a><\/li><\/ul><\/nav><\/div>\n\n\n\n\n<p>Los seguros de auto en guerrero son obligatorios y por ello en Mejor Seguro de Auto te ayudamos a que contrates tu respaldo vehicular con los mejores precios y con incre\u00edbles descuentos.<\/p>\n\n\n\n<p>Los seguros de autos se consideran como uno de los requisitos obligatorios en M\u00e9xico y es que el respaldo se considera como necesario para que los conductores puedan transitar tranquilos y seguros, sin temor a que suceda un accidente de auto.<\/p>\n\n\n\n<p>Las Aseguradoras cuentan con tres o cuatro paquetes de coberturas que sirven para proteger al auto de cualquier situaci\u00f3n, eso seg\u00fan el paquete que desees contratar, para poder recibir cierto n\u00famero de respaldo veh\u00edcular.<\/p>\n\n\n\n<p>En M\u00e9xico, hoy en d\u00eda es de suma importancia el poder contratar un seguro de auto, principalmente que se enfoque en ayudar a las personas en los momentos en que se tenga un accidente de coche o en el caso de que le hayan robado la unidad, pero existen planes que no protegen a tu auto contra esas dos coberturas que se creen las m\u00e1s importantes.<\/p>\n\n\n\n<p>Las<a href=\"https:\/\/mejorsegurodeauto.mx\/blog\/poliza-de-seguros-para-auto-como-funciona\/\" target=\"_blank\" rel=\"noreferrer noopener\"> p\u00f3lizas de seguros<\/a> que est\u00e1n manejando son:<\/p>\n\n\n\n<ul><li>Responsabilidad Civil<\/li><li>Limitada<\/li><li>Amplia<\/li><li>Amplia Plus<\/li><\/ul>\n\n\n\n<p>Las cuales funcionan de tal manera que en los momentos m\u00e1s dif\u00edciles, las aseguradoras van a poder ayudarte financieramente, legal y mec\u00e1nicamente. De ah\u00ed la importancia de contar con un seguro de auto que te ayude a afrontar los problemas leves o graves.<\/p>\n\n\n\n<p>Es por ello la importancia de tener ese respaldo veh\u00edcular que adem\u00e1s de ayudar en las circunstancias, puedas sentir una mayor confianza a la hora de salir y conducir. Pero queda decir que importa mucho el tipo de cobertura que decidas contratar para tu seguridad.<\/p>\n\n\n\n<h2><span class=\"ez-toc-section\" id=\"%C2%BFQue_tipos_de_coberturas_se_ofrecen_para_seguros_de_autos_en_Guerrero\"><\/span>\u00bfQu\u00e9 tipos de coberturas se ofrecen para seguros de autos en Guerrero<span class=\"ez-toc-section-end\"><\/span><\/h2>\n\n\n\n<p>Las aseguradoras contemplan ciertos paquetes de coberturas que funcionan de menos a m\u00e1s, en cuanto a la ubicaci\u00f3n del respaldo y tambi\u00e9n en los costos. Por ello es importante que sepas el tipo de cobertura que vas a necesitar y que cubra las necesidades de tu auto y las necesidades del conductor.<\/p>\n\n\n\n<p>Influye mucho el tipo de cobertura que contrates, con el tipo de respaldo que tengas, es decir, el tipo de coberturas que vas a recibir por ejemplo:<\/p>\n\n\n\n<ul><li><a href=\"https:\/\/mejorsegurodeauto.mx\/blog\/responsabilidad-civil-cobertura-obligatoria\/\">Cobertura de Responsabilidad<\/a><a href=\"https:\/\/mejorsegurodeauto.mx\/blog\/responsabilidad-civil-cobertura-obligatoria\/\" target=\"_blank\" rel=\"noreferrer noopener\"> <\/a><a href=\"https:\/\/mejorsegurodeauto.mx\/blog\/responsabilidad-civil-cobertura-obligatoria\/\">Civil:<\/a> Es el tipo de cobertura que se considera como la m\u00e1s b\u00e1sica, la cual no protege al auto de la persona asegurada, pero s\u00ed cubre los gastos por da\u00f1os a un tercero que se propicien de un accidente. Tampoco responde por el robo de una unidad.<\/li><li><a href=\"https:\/\/mejorsegurodeauto.mx\/blog\/cobertura-limitada-en-seguros-de-autos\/\" target=\"_blank\" rel=\"noreferrer noopener\">Cobertura Limitada:<\/a> Se le considera como la cobertura m\u00ednima, es decir, si lo que buscas es ahorrar en tu seguro de auto, puede cumplir con las mismas coberturas que la anterior y un poco m\u00e1s.<\/li><li><a href=\"https:\/\/mejorsegurodeauto.mx\/blog\/cobertura-amplia\/\" target=\"_blank\" rel=\"noreferrer noopener\">Cobertura Amplia:<\/a> Es considerada como la cobertura que cuenta con una mayor protecci\u00f3n, y con ella vas a poder proteger a tu auto de todo tipo de situaciones, ya sea robo de la unidad o el choque del mismo. La cobertura responder\u00e1 a pagar los gastos materiales, m\u00e9dicos, y legales de la persona asegurada, y de igual manera, la de los terceros.<\/li><li><a href=\"https:\/\/mejorsegurodeauto.mx\/blog\/cobertura-amplia-plus\/\" target=\"_blank\" rel=\"noreferrer noopener\">Cobertura Amplia Plus:<\/a> Algunas aseguradoras consideran \u00e9sta cobertura como la m\u00e1xima y es que se acostumbra a que con \u00e9ste tipo de respaldo se le respalde a los terceros y a las personas que hayan contratado los Seguros de autos en Guerrero. Es importante que consideres el tipo de cobertura que realmente te ayudar\u00e1.<\/li><\/ul>\n\n\n\n<figure class=\"wp-block-image size-full\"><img loading=\"lazy\" width=\"600\" height=\"400\" src=\"https:\/\/mejorsegurodeauto.mx\/blog\/wp-content\/uploads\/2025\/05\/seguros-de-auto-en-guerrero-1.jpg\" alt=\"\" class=\"wp-image-3556\" srcset=\"https:\/\/mejorsegurodeauto.mx\/blog\/wp-content\/uploads\/2025\/05\/seguros-de-auto-en-guerrero-1.jpg 600w, https:\/\/mejorsegurodeauto.mx\/blog\/wp-content\/uploads\/2025\/05\/seguros-de-auto-en-guerrero-1-300x200.jpg 300w\" sizes=\"(max-width: 600px) 100vw, 600px\" \/><\/figure>\n\n\n\n<div style=\"text-align: center;\">\n  <div style=\"margin: 20px auto; border: 2px solid #5BBE42; padding: 20px; border-radius: 10px; background-color: #FFFFFF; text-align: left; display: inline-block; font-size: 18px; max-width: 600px; box-sizing: border-box;\">\n    <b>\u00a1Esto te puede interesar!: <\/b>\n    <a href=\"https:\/\/mejorsegurodeauto.mx\/blog\/como-elegir-seguro-auto\/\" target=\"_blank\" rel=\"noopener\">\n      Tips para Elegir el Mejor Seguro de Auto\n    <\/a>\n  <\/div>\n<\/div>\n\n\n\n<h2><span class=\"ez-toc-section\" id=\"%C2%BFCuales_son_las_consecuencias_de_no_tener_Seguros_de_Autos_en_Guerrero\"><\/span>\u00bfCu\u00e1les son las consecuencias de no tener Seguros de Autos en Guerrero?<span class=\"ez-toc-section-end\"><\/span><\/h2>\n\n\n\n<p>Desde que los<a href=\"https:\/\/mejorsegurodeauto.mx\/\" target=\"_blank\" rel=\"noreferrer noopener\"> seguros de autom\u00f3vil obligatorio en M\u00e9xico<\/a>, revolucionaron el tipo de protecci\u00f3n que se le daba a una persona y a los propios autos, todos los veh\u00edculos deben contar con ese respaldo de por lo menos de responsabilidad Civil, que es el que ayuda a los usuarios de otros autos en los gastos por da\u00f1os materiales que el asegurado haya causado.<\/p>\n\n\n\n<p>Si una persona no cuenta con Seguros de Autos en Guerrero, NO va a poder transitar por territorio mexicano federal, es decir, carreteras, vialidades, autopistas federales de la (<a rel=\"noreferrer noopener\" href=\"https:\/\/mejorsegurodeauto.mx\/blog\/capufe-caminos-y-puentes-federales\/\" target=\"_blank\">Capufe<\/a>) contando puentes, autopistas, entre otros y en caso de evitar el contrato de una cobertura, las autoridades pueden darte una multa. Por eso es importante que consigas la cobertura que mejor te ayude a salir de problemas y que olvides un poco en lo barato, porque recuerda el dicho: <em>\u201cLo barato, sale caro\u201d<\/em>.<\/p>\n\n\n\n<p>Desde que inici\u00f3 el a\u00f1o 2019 se estableci\u00f3 en la Ley de Movilidad que todo auto debe contar con un respaldo que funcione para proteger los bienes de las personas y por ello es que si no se cuenta con ese respaldo, la autoridad puede darte una multa.<\/p>\n\n\n\n<p>Si el seguro de auto en Guerrero fue aceptado, esto significa que es obligatorio que todos los conductores de la ciudad cuenten con un seguro de para poder circular su veh\u00edculo.<\/p>\n\n\n\n<p>Por ello es que al contratar un seguro de auto, debes comenzar con una investigaci\u00f3n previa para conocer a la aseguradora y el tipo de coberturas que van a servir de mucho en los momentos m\u00e1s dif\u00edciles.<\/p>\n\n\n\n<h2><span class=\"ez-toc-section\" id=\"%C2%BFQue_aseguradoras_operan_en_Guerrero\"><\/span>\u00bfQu\u00e9 aseguradoras operan en Guerrero?<span class=\"ez-toc-section-end\"><\/span><\/h2>\n\n\n\n<p>Evidentemente, en nuestro pa\u00eds existen demasiadas aseguradoras, es decir m\u00e1s de 70, pero nosotros contamos con una alianza con las mejores:<\/p>\n\n\n\n<ul><li><a href=\"https:\/\/mejorsegurodeauto.mx\/seguros-qualitas\/\" target=\"_blank\" rel=\"noreferrer noopener\">Qu\u00e1litas<\/a><\/li><li><a href=\"https:\/\/mejorsegurodeauto.mx\/seguros-gnp\/\" target=\"_blank\" rel=\"noreferrer noopener\">GNP<\/a><\/li><li><a href=\"https:\/\/mejorsegurodeauto.mx\/seguros-mapfre\/\" target=\"_blank\" rel=\"noreferrer noopener\">Mapfre<\/a><\/li><li><a href=\"https:\/\/mejorsegurodeauto.mx\/seguros-aba\/\" target=\"_blank\" rel=\"noreferrer noopener\">Chubb Seguros M\u00e9xico<\/a><\/li><li><a href=\"https:\/\/mejorsegurodeauto.mx\/seguros-axa\/\" target=\"_blank\" rel=\"noreferrer noopener\">AXA<\/a><\/li><li><a href=\"https:\/\/mejorsegurodeauto.mx\/seguros-banorte\/\" target=\"_blank\" rel=\"noreferrer noopener\">Banorte<\/a><\/li><li><a href=\"https:\/\/mejorsegurodeauto.mx\/seguros-hdi\/\" target=\"_blank\" rel=\"noreferrer noopener\">HDI<\/a><\/li><li><a href=\"https:\/\/mejorsegurodeauto.mx\/seguros-zurich\/\" target=\"_blank\" rel=\"noreferrer noopener\">Zurich<\/a><\/li><li><a href=\"https:\/\/mejorsegurodeauto.mx\/seguros-inbursa\/\" target=\"_blank\" rel=\"noreferrer noopener\">Inbursa Seguros<\/a><\/li><li><a href=\"https:\/\/mejorsegurodeauto.mx\/seguros-atlas\/\" target=\"_blank\" rel=\"noreferrer noopener\">Atlas Seguros<\/a><\/li><li><a href=\"https:\/\/mejorsegurodeauto.mx\/seguros-el-potosi\/\" target=\"_blank\" rel=\"noreferrer noopener\">Seguros Potos\u00ed<\/a><\/li><li><a href=\"https:\/\/mejorsegurodeauto.mx\/seguros-afirme\/\" target=\"_blank\" rel=\"noreferrer noopener\">Afirme<\/a><\/li><li><a href=\"https:\/\/mejorsegurodeauto.mx\/seguros-el-aguila\/\" target=\"_blank\" rel=\"noreferrer noopener\">El \u00c1guila<\/a><\/li><li><a href=\"https:\/\/mejorsegurodeauto.mx\/seguros-el-aguila\/\" target=\"_blank\" rel=\"noreferrer noopener\">General de Seguros<\/a><\/li><li><a href=\"https:\/\/mejorsegurodeauto.mx\/seguros-sura\/\" target=\"_blank\" rel=\"noreferrer noopener\">SURA<\/a><\/li><li><a href=\"https:\/\/mejorsegurodeauto.mx\/seguros-ana\/\" target=\"_blank\" rel=\"noreferrer noopener\">ANA<\/a><\/li><li><a href=\"https:\/\/mejorsegurodeauto.mx\/seguros-miituo\/\" target=\"_blank\" rel=\"noreferrer noopener\">Miituo<\/a><\/li><li><a href=\"https:\/\/mejorsegurodeauto.mx\/seguros-migo\/\" target=\"_blank\" rel=\"noreferrer noopener\">Migo<\/a><\/li><\/ul>\n\n\n\n<p>Al tener el apoyo de las aseguradoras anteriores, nos podemos dar cuenta que tenemos la mayor confianza tanto de las <a href=\"https:\/\/mejorsegurodeauto.mx\/blog\/aseguradoras-en-la-emergencia-sanitaria\/\" data-type=\"post\" data-id=\"1995\" target=\"_blank\" rel=\"noreferrer noopener\">aseguradoras<\/a> como de las personas, ya que somos de las empresas m\u00e1s representadas por seguridad y confianza.<\/p>\n\n\n\n<p>Algo que debes tener muy en cuenta es que toda aseguradora debe estar registrada en la Comisi\u00f3n Nacional de Seguros y Fianzas (CNSF), para que as\u00ed sepas que est\u00e1s contratando un seguro de auto, vaya la redundancia \u201cSEGURO\u201d y que no est\u00e9s contratando Seguros de Autos en Guerrero con una empresa estafadora.<\/p>\n\n\n\n<p>La<em> <strong>Comisi\u00f3n Nacional para la Protecci\u00f3n y Defensa de los Usuarios de Servicios Financieros (CONDUSEF)<\/strong> <\/em>reiter\u00f3 la premisa que los seguros no son un gasto, sino una inversi\u00f3n y la protecci\u00f3n ideal para el ciudadano y su patrimonio.<\/p>\n\n\n\n<p>Debes considerar que a la hora de que vayas a contratar un seguro de auto, tengas en cuenta las siguientes cosas:<\/p>\n\n\n\n<ul><li>Si lo que quieres es uno de los seguros de autos en Guerrero, debes elegir una empresa de seguros que cuente con una buena reputaci\u00f3n ante los usuarios.<\/li><li>Ya que hayas elegido a la empresa, debes investigar las diferencias de cada cobertura y elegir alguna de ellas.<\/li><li>Conocer el tipo de necesidades que tienen como conductor, y conocer las necesidades de tu auto.<\/li><li>Analizar los costos en el comparador de seguros que en Mejor Seguro de Auto tenemos.<\/li><li>Ir con un<a href=\"https:\/\/mejorsegurodeauto.mx\/blog\/asesor-de-seguros-de-autos\/\" target=\"_blank\" rel=\"noreferrer noopener\"> Asesor de Seguros de Autos<\/a> y preguntar todo lo relacionado con las coberturas de la empresa y por \u00faltimo, contratar.<\/li><\/ul>\n\n\n\n<h2><span class=\"ez-toc-section\" id=\"%C2%BFCuales_son_los_beneficios_que_puedes_contratar_con_la_cobertura_de_los_seguros_de_autos_en_Guerrero\"><\/span>\u00bfCu\u00e1les son los beneficios que puedes contratar con la cobertura de los seguros de autos en Guerrero?<span class=\"ez-toc-section-end\"><\/span><\/h2>\n\n\n\n<p>Cuando contratas un seguro de auto, vas a recibir ciertas coberturas que pueden resultar muy beneficiosas en los momentos en que tengas un accidente de auto o si es que llegas a ser v\u00edctima del robo de la unidad.<\/p>\n\n\n\n<p>Por ello, Mejor Seguro de Auto te ayuda en mencionar algunas de las coberturas que puedes recibir con los planes m\u00e1s amplios:<\/p>\n\n\n\n<ul><li>Gastos M\u00e9dicos: En el caso de que se sufra un accidente de auto y alguna persona resulte con da\u00f1os f\u00edsicos, la aseguradora cubre los gastos oficiales del conductor,y de los terceros, pero las coberturas m\u00e1s b\u00e1sicas no cuentan con \u00e9sta cobertura.<\/li><li><a href=\"https:\/\/mejorsegurodeauto.mx\/blog\/que-es-la-asistencia-juridica\/\">Defensa Jur\u00eddica:<\/a> Viene siendo una de las coberturas m\u00e1s importantes, en donde el apoyo legal ayuda a que los clientes, en caso de verse en problemas legales, la empresa de seguros se dedique a apoyar al usuario con la representaci\u00f3n jur\u00eddica e incluso a veces con una fianza.<\/li><li>Portal para consultar el estatus del siniestro: Algunas de las empresas se seguros ofrecen la oportunidad de que los clientes puedan informarse acerca de los resultados o estatus del auto, en el caso de que se encuentren en reparaci\u00f3n o en la b\u00fasqueda.<\/li><li>Peritaje de da\u00f1os: La persona que cuente con un seguro de auto va a poder decidir sobre la forma de pago por p\u00e9rdida total o el pago de da\u00f1os cuando estos representen m\u00e1s del 75% del valor de la unidad.<\/li><\/ul>\n\n\n\n<p>Por eso es la importancia de contar con un respaldo veh\u00edcular que pueda brindarte lo mejor en los momentos m\u00e1s importantes y justo cuando se requiera. Los Seguros de autos en Guerrero cuentan con las coberturas adecuadas para tener el respaldo en todo momento. As\u00ed que toma decisiones sabias en momentos previos a la contrataci\u00f3n.<\/p>\n\n\n\n<figure class=\"wp-block-image size-full\"><img loading=\"lazy\" width=\"600\" height=\"400\" src=\"https:\/\/mejorsegurodeauto.mx\/blog\/wp-content\/uploads\/2025\/05\/seguros-de-auto-en-guerrero-2.jpg\" alt=\"\" class=\"wp-image-3557\" srcset=\"https:\/\/mejorsegurodeauto.mx\/blog\/wp-content\/uploads\/2025\/05\/seguros-de-auto-en-guerrero-2.jpg 600w, https:\/\/mejorsegurodeauto.mx\/blog\/wp-content\/uploads\/2025\/05\/seguros-de-auto-en-guerrero-2-300x200.jpg 300w\" sizes=\"(max-width: 600px) 100vw, 600px\" \/><\/figure>\n\n\n\n<h2><span class=\"ez-toc-section\" id=\"%C2%BFEs_obligatorio_la_contratacion_del_seguro\"><\/span>\u00bfEs obligatorio la contrataci\u00f3n del seguro?<span class=\"ez-toc-section-end\"><\/span><\/h2>\n\n\n\n<p>S\u00ed. Los seguros de autos son completamente obligatorios para poder transitar y todo aquel veh\u00edculo que no cuente con ese respaldo veh\u00edcular, deber\u00e1 pagar una multa que abarque hasta los $4,100 pesos por cada multa, y si el conductor no obedece, el auto puede ser llevado al corral\u00f3n y para ser sacado, se deber\u00e1 pagar las multas, adem\u00e1s de la salida del auto.<\/p>\n\n\n\n<p>Seg\u00fan datos de la <a href=\"https:\/\/www.gob.mx\/cnsf\/\" target=\"_blank\" rel=\"noreferrer noopener\">Comisi\u00f3n Nacional de Seguros y Finanzas<\/a>, s\u00f3lo 31 por ciento de los 21.4 millones de autom\u00f3viles estimados en existencia en M\u00e9xico cuentan con un seguro automotriz, lo cual es alarmante si pensamos en los riesgos a los que nos encontramos expuestos de no contar con un seguro para nuestro veh\u00edculo.<\/p>\n\n\n\n<p>Antes de adquirir o renovar un seguro para tu autom\u00f3vil, te aconsejamos leer los consejos de los expertos que te ayudar\u00e1n a elegir el m\u00e1s adecuado para tus necesidades.<\/p>\n\n\n\n<p>El mejor seguro para auto siempre ser\u00e1 el que garantice la mejor cobertura en caso de que ocurra lo peor (la muerte de una persona, por ejemplo). Aunque a veces nos pueda parecer como un gasto innecesario, la realidad es que si no podemos pagar por una emergencia que requiera unos 5 meses de nuestro sueldo con tranquilidad, deber\u00edamos de contratar un seguro para coche ya que de no hacerlo, estar\u00edamos en serios problemas financieros, m\u00e1s all\u00e1 de los problemas de salud o legales que nos pudiera ocasionar un accidente.<\/p>\n\n\n\n<p>Los Seguros de Autos en Guerrero son obligatorios y para que puedas evitar dichos pagos, deber\u00e1s ponerte al corriente al contratar con tu respaldo financiero.<\/p>\n\n\n\n<h2><span class=\"ez-toc-section\" id=\"%C2%A1Cotiza_y_contrata_el_mejor_seguro_de_auto_en_Guerrero\"><\/span>\u00a1Cotiza y contrata el mejor seguro de auto en Guerrero!<span class=\"ez-toc-section-end\"><\/span><\/h2>\n\n\n\n<p>En MejorSegurodeAuto.Mx sabemos lo importante que es para ti encontrar el mejor seguro para tu auto y es por eso que te mantenemos informado sobre por qu\u00e9 es importante contratar un seguro de auto en Guerrero. Recuerda que somos un cotizador de Ahorra Seguros y puedes contratar un seguro de auto que vaya de acuerdo a tu presupuesto y necesidades.<\/p>\n\n\n\n<p>As\u00ed que a partir de hoy, toma buenas decisiones y contrata tu seguro de auto con una de las mejores aseguradoras de M\u00e9xico, mientras que nosotros te damos descuentos e incre\u00edbles promociones.<\/p>\n","protected":false},"excerpt":{"rendered":"<p>\u00a1Contrata el mejor seguro de auto en Guerrero con la cobertura que necesitas! Los seguros de auto en guerrero son obligatorios y por ello en Mejor Seguro de Auto te ayudamos a que contrates tu respaldo vehicular con los mejores precios y con incre\u00edbles descuentos. Los seguros de autos se consideran como uno de los [&hellip;]<\/p>\n","protected":false},"author":2,"featured_media":3555,"parent":0,"menu_order":0,"comment_status":"closed","ping_status":"closed","template":"","meta":[],"yst_prominent_words":[127,27,1262,26,412,47,46,29,895,20,5,39,169,1261,171],"_links":{"self":[{"href":"https:\/\/mejorsegurodeauto.mx\/blog\/wp-json\/wp\/v2\/pages\/1751"}],"collection":[{"href":"https:\/\/mejorsegurodeauto.mx\/blog\/wp-json\/wp\/v2\/pages"}],"about":[{"href":"https:\/\/mejorsegurodeauto.mx\/blog\/wp-json\/wp\/v2\/types\/page"}],"author":[{"embeddable":true,"href":"https:\/\/mejorsegurodeauto.mx\/blog\/wp-json\/wp\/v2\/users\/2"}],"replies":[{"embeddable":true,"href":"https:\/\/mejorsegurodeauto.mx\/blog\/wp-json\/wp\/v2\/comments?post=1751"}],"version-history":[{"count":6,"href":"https:\/\/mejorsegurodeauto.mx\/blog\/wp-json\/wp\/v2\/pages\/1751\/revisions"}],"predecessor-version":[{"id":3567,"href":"https:\/\/mejorsegurodeauto.mx\/blog\/wp-json\/wp\/v2\/pages\/1751\/revisions\/3567"}],"wp:featuredmedia":[{"embeddable":true,"href":"https:\/\/mejorsegurodeauto.mx\/blog\/wp-json\/wp\/v2\/media\/3555"}],"wp:attachment":[{"href":"https:\/\/mejorsegurodeauto.mx\/blog\/wp-json\/wp\/v2\/media?parent=1751"}],"wp:term":[{"taxonomy":"yst_prominent_words","embeddable":true,"href":"https:\/\/mejorsegurodeauto.mx\/blog\/wp-json\/wp\/v2\/yst_prominent_words?post=1751"}],"curies":[{"name":"wp","href":"https:\/\/api.w.org\/{rel}","templated":true}]}}